alculate p(108).
1
Let r(b) = -42*b**2 - 211*b - 12. Give r(-5).
-7
Let s(n) = -12*n + 120. What is s(8)?
24
Let r(m) = m**3 + 4*m**2 - 76*m - 1. Calculate r(6).
-97
Let b(n) = 4*n**2 - 274*n - 999. Calculate b(72).
9
Let i(z) = 29*z**2 + 804*z + 1599. Give i(-2).
107
Let o(t) = t**2 - 19*t - 110. Give o(15).
-170
Let p(x) = 10*x**2 - 11*x + 2. Determine p(-2).
64
Let f(i) = -i**3 + 12*i**2 + 217*i + 51. Determine f(22).
-15
Let f(v) = -6*v**3 + 46*v**2 - 94*v + 21. Determine f(4).
-3
Let u(a) = 464*a + 21805. Determine u(-47).
-3
Let n(y) = -2*y**2 - 17*y - 98. Calculate n(-6).
-68
Let j(k) = -34*k**2 + 1056*k - 75. Determine j(31).
-13
Let t(s) = -2*s**3 + 46*s**2 - 28*s - 43. Determine t(23).
-687
Let s(f) = -39*f**2 - 12*f + 24. Determine s(2).
-156
Let q(l) = -2*l**3 + 141*l**2 - 68*l - 178. What is q(70)?
-38
Let f(c) = 2*c**3 + 11*c**2 - 92*c - 453. Calculate f(-5).
32
Let j(q) = q**3 - 8*q**2 + 2427*q - 21931. What is j(9)?
-7
Let z(w) = 47*w - 24. Give z(-10).
-494
Let w(k) = -k**3 + 63*k**2 - 531*k + 24. Determine w(53).
-29
Let c(s) = 22*s - 1203. Determine c(46).
-191
Let d(y) = -y**2 + 47*y + 246. Give d(-6).
-72
Let b(v) = -2*v**2 + 4*v + 107. What is b(17)?
-403
Let s(p) = 3*p**2 + 81*p + 80. Give s(-26).
2
Let f(d) = -d**2 - 144*d - 1433. Give f(-11).
30
Let d(z) = 8*z**2 + 22*z - 177. Calculate d(7).
369
Let k(l) = -6*l**2 - 126*l - 213. What is k(-18)?
111
Let i(f) = f**2 - 46*f + 377. What is i(10)?
17
Let c(h) = 34*h**2 - 245*h - 500. Determine c(-2).
126
Let o(a) = -a**2 - 80*a + 21508. Give o(112).
4
Let s(z) = -z**3 + 14*z**2 + 77*z - 61. Give s(-7).
429
Let g(a) = 5*a**2 - 22*a - 51. What is g(6)?
-3
Let o(h) = 187*h + 1865. Give o(-11).
-192
Let g(b) = -3*b**2 + 665*b - 2645. Calculate g(4).
-33
Let k(f) = 3*f**2 - 76*f + 148. Calculate k(21).
-125
Let v(k) = 15790*k + 15796. What is v(-1)?
6
Let y(d) = d**2 - 53*d - 351. Give y(59).
3
Let o(x) = 2*x**3 - 8*x**2 - 4*x + 4. Calculate o(4).
-12
Let c(r) = -400*r - 2003. Calculate c(-5).
-3
Let p(z) = -z**3 + 3*z**2 - z + 137. Determine p(0).
137
Let f(t) = -t**2 - 33*t - 272. Give f(-17).
0
Let x(a) = 4*a - 86. What is x(-23)?
-178
Let y(q) = 36*q + 15. What is y(-3)?
-93
Let v(n) = n**3 + 23*n**2 - 26*n - 55. Determine v(-24).
-7
Let l(c) = 156*c - 13083. Determine l(84).
21
Let m(o) = 5*o + 199. What is m(15)?
274
Let z(r) = -r**3 + 6*r**2 + 42*r - 248. What is z(6)?
4
Let f(x) = x**2 + 58*x + 843. Give f(-25).
18
Let g(d) = 18*d - 219. What is g(14)?
33
Let s(p) = -18*p + 95. What is s(-13)?
329
Let u(r) = -6*r**2 + 71*r + 13. Determine u(12).
1
Let f(v) = v**3 - 14*v**2 - 48*v - 45. Give f(17).
6
Let l(q) = q**2 - 58*q + 173. Give l(20).
-587
Let g(u) = 18*u + 96. What is g(-9)?
-66
Let a(g) = 67*g + 652. Give a(-11).
-85
Let o(s) = -74*s**2 + 1137*s - 407. What is o(15)?
-2
Let d(j) = j**2 + 72*j - 766. Determine d(-84).
242
Let v(m) = -1549*m + 37183. Give v(24).
7
Let j(h) = 62*h + 1253. What is j(-20)?
13
Let h(n) = 13*n + 902. Calculate h(-69).
5
Let k(f) = -f**3 + 48*f**2 + 265*f + 2. Determine k(53).
2
Let n(s) = -242*s + 52. Give n(-2).
536
Let z(d) = -d - 199. Determine z(32).
-231
Let b(m) = m**2 - 4*m - 512. Calculate b(25).
13
Let i(g) = 325*g - 4563. Give i(14).
-13
Let x(n) = -6*n**3 - 3*n**2 + 46*n - 120. Give x(3).
-171
Let m(b) = b**3 + 6*b**2 + 10*b - 1. Give m(-6).
-61
Let w(m) = -m**3 - 16*m**2 + 24*m + 102. Determine w(-17).
-17
Let x(v) = 12*v + 432. What is x(-25)?
132
Let b(l) = -12*l**2 + 288*l + 60. Determine b(24).
60
Let f(x) = 96*x**2 + 47*x + 19. Determine f(-1).
68
Let y(x) = -2*x**3 - 76*x**2 - 85*x - 407. Calculate y(-37).
0
Let p(a) = -38*a**2 + 272*a - 10. Determine p(7).
32
Let s(c) = c**2 - 1669*c + 233307. Calculate s(154).
-3
Let p(f) = 32*f - 583. What is p(19)?
25
Let t(x) = 103*x - 918. Calculate t(9).
9
Let g(m) = 1003*m + 7005. Determine g(-7).
-16
Let u(n) = -10*n**2 - 181*n - 20. Give u(-18).
-2
Let i(s) = 2*s**3 + 2*s**2 + s - 2. Give i(1).
3
Let r(y) = 8*y**3 + 78*y**2 - 23*y - 32. What is r(-10)?
-2
Let k(m) = 3*m**2 + 393*m + 1171. Determine k(-3).
19
Let i(l) = 352*l + 2093. Calculate i(-6).
-19
Let s(q) = -10*q**3 + 4*q**2 - 6*q + 4. What is s(2)?
-72
Let r(n) = 17*n**3 - n**2 + 3*n - 7. What is r(2)?
131
Let g(c) = -c**2 - 30*c + 2713. Calculate g(-70).
-87
Let b(q) = q**3 - 2*q**2 - 10*q + 28. Give b(2).
8
Let r(n) = n**3 + 8*n**2 + 9*n - 31. Determine r(-9).
-193
Let z(r) = r**3 + 16*r**2 + 58*r + 427. Calculate z(-14).
7
Let k(d) = 2*d**2 + 38*d + 195. Determine k(-7).
27
Let r(a) = 12*a + 41. Calculate r(-18).
-175
Let k(t) = 10*t**3 + 61*t**2 - 64*t + 11. Calculate k(-7).
18
Let h(a) = 1520*a + 3048. Calculate h(-2).
8
Let q(o) = -3354*o - 20130. What is q(-6)?
-6
Let v(b) = 16*b - 238. Determine v(18).
50
Let k(u) = -165*u - 4794. Give k(-29).
-9
Let z(p) = p**3 + 44*p**2 + 432*p - 272. Give z(-16).
-16
Let o(l) = -l**3 - 9*l**2 + 17*l + 141. Give o(-4).
-7
Let p(a) = 56*a - 3079. Give p(55).
1
Let t(h) = -h**2 - 81*h - 1479. Calculate t(-28).
5
Let f(h) = -465*h - 1868. What is f(-4)?
-8
Let j(x) = 2*x**3 + 13*x**2 - 32*x - 208. Determine j(-8).
-144
Let s(f) = -f**3 + 9*f**2 + 29*f + 4. Calculate s(-4).
96
Let x(q) = -5*q**2 - 57*q - 27. Give x(-12).
-63
Let x(p) = 2560*p - 10238. Determine x(4).
2
Let m(n) = 388*n + 2272. Give m(-6).
-56
Let x(p) = -6*p**3 - 8*p**2 + 7*p + 1. What is x(1)?
-6
Let u(q) = 1244*q - 3728. Determine u(3).
4
Let b(o) = -13*o - 72. Give b(-21).
201
Let v(p) = p**3 - 47*p**2 + 102*p - 545. What is v(45)?
-5
Let f(m) = 2*m**3 - 162*m**2 - m + 52. Determine f(81).
-29
Let k(o) = -3508*o + 10. Determine k(0).
10
Let h(j) = -j**2 + 10*j + 7. Determine h(5).
32
Let i(d) = 12*d**2 - 5*d - 20. Give i(-1).
-3
Let k(q) = q**2 - 66*q + 637. Give k(30).
-443
Let q(n) = 238*n - 1178. Calculate q(5).
12
Let h(l) = 1338*l + 13368. Calculate h(-10).
-12
Let a(g) = -3*g**2 + 235*g + 710. Give a(-3).
-22
Let f(t) = -315*t + 13564. What is f(43)?
19
Let c(b) = -22*b**2 - 762*b - 474. Give c(-34).
2
Let i(a) = 3*a**2 + 135*a - 54. Determine i(-45).
-54
Let l(q) = 3*q**2 - 70*q - 54. Determine l(21).
-201
Let q(f) = f**3 - 32*f**2 - 149*f + 50. Determine q(36).
-130
Let c(z) = 159*z - 1247. What is c(8)?
25
Let b(j) = -4*j**3 - j**2 - 10*j - 20. What is b(-3)?
109
Let l(k) = 97*k + 16261. Determine l(-168).
-35
Let c(a) = 696*a - 6285. Give c(9).
-21
Let t(f) = -9*f**2 - 11*f - 20. What is t(-3)?
-68
Let r(y) = -26*y**3 + 6*y**2 + 12*y + 2. Determine r(-2).
210
Let v(o) = 2*o**3 - 458*o**2 - 1387*o - 1165. Give v(232).
-5
Let t(c) = -c**2 - 221*c - 3080. Give t(-15).
10
Let a(s) = -14*s + 270. What is a(20)?
-10
Let l(w) = -97*w + 2224. Determine l(23).
-7
Let z(j) = -16*j + 138. What is z(9)?
-6
Let y(o) = -37*o + 5020. Calculate y(136).
-12
Let h(q) = -10624*q - 31866. Give h(-3).
6
Let n(c) = -48*c + 994. What is n(21)?
-14
Let c(r) = 30*r**2 + 31*r + 48. Determine c(-2).
106
Let h(s) = -37*s - 11. Give h(-2).
63
Let d(h) = 4*h**2 - 198*h + 105. What is d(49)?
7
Let z(r) = 9*r**2 + 205*r + 1105. What is z(-14)?
-1
Let r(m) = m**2 + 13*m - 31. Calculate r(-11).
-53
Let c(d) = -127*d + 5335. What is c(41)?
128
Let y(r) = -r**2 + 1614*r + 2. Give y(0).
2
Let b(f) = f**2 - 26*f + 225. Give b(12).
57
Let k(b) = b**3 + 91*b**2 - 481*b - 99. Give k(-96).
-3
Let b(v) = -443*v + 11962. Calculate b(27).
1
Let y(l) = l**2 + 68*l + 1144. Calculate y(-37).
-3
Let t(m) = -43*m**3 + m**2 - 4*m - 5. Give t(-1).
43
Let l(b) = b**2 + 6*b + 20. Calculate l(-8).
36
Let j(r) = r**3 - 11*r**2 - 19*r - 1. What is j(7)?
-330
Let j(s) = -9716*s + 155454. Calculate j(16).
-2
Let q(f) = 3*f**2 - 17*f + 50. What is q(7)?
78
Let y(j) = 10*j - 307. Determine y(33).
23
Let r(u) = 2*u**3 - 12*u**2 + 2*u - 15. Calculate r(6).
-3
Let g(h) = -71*h + 101. Determine g(4).
-183
Let k(u) = u**2 - 278*u + 17292. Determine k(94).
-4
Let c(b) = 30*b**3 - 2*b**2 + 13*b + 29. Determine c(-2).
-245
Let n(m) = -604*m - 4807. Determine n(-8).
25
Let s(q) = 55*q - 1079. Determine s(20).
21
Let l(k) = 31*k + 1807. Determine l(-58).
9
Let l(u) = 118*u**3 + 10*u**2 + 11*u + 2. Calculate l(-1).
-117
Let i(n) = -n**3 - 10*n**2 - 15*n - 6. What is i(-7)?
-48
Let x(k) = -5*k**2 - 57*k + 18. Give x(-12).
-18
Let p(q) = 8*q**2 + 68*q - 1268. Determ